
{"id":142,"date":"2019-04-25T10:00:37","date_gmt":"2019-04-25T10:00:37","guid":{"rendered":"http:\/\/demo.archiwp.com\/archi-industry\/?page_id=142"},"modified":"2023-05-29T21:20:14","modified_gmt":"2023-05-29T20:20:14","slug":"our-services","status":"publish","type":"page","link":"http:\/\/comfortmeuble.com\/index.php\/our-services\/","title":{"rendered":"Services"},"content":{"rendered":"<p>[vc_row css=&#8221;.vc_custom_1556006288868{padding-top: 90px !important;padding-bottom: 60px !important;}&#8221;][vc_column width=&#8221;1\/3&#8243;][vc_single_image image=&#8221;298&#8243; img_size=&#8221;355&#215;240&#8243; css=&#8221;.vc_custom_1685107722169{margin-bottom: 0px !important;}&#8221;][vc_empty_space][vc_column_text]<\/p>\n<h3>Fabrication sur mesure<\/h3>\n<p align=\"justify\">Nous proposons des services de fabrication de meubles et de portes int\u00e9rieures sur mesure, adapt\u00e9s aux besoins et aux sp\u00e9cifications des clients. Cela peut inclure des dimensions personnalis\u00e9es, des finitions sp\u00e9ciales, des options de mat\u00e9riaux, etc.<\/p>\n<p>[\/vc_column_text][\/vc_column][vc_column width=&#8221;1\/3&#8243;][vc_single_image image=&#8221;301&#8243; img_size=&#8221;355&#215;240&#8243; css=&#8221;.vc_custom_1685108216976{margin-bottom: 0px !important;}&#8221;][vc_empty_space][vc_column_text]<\/p>\n<h3>Conception et consultation<\/h3>\n<p align=\"justify\">Nous offrons des services de conception et de consultation pour aider les clients \u00e0 choisir les mod\u00e8les, les styles et les options qui correspondent le mieux \u00e0 leurs besoins et \u00e0 leur espace int\u00e9rieur. Cela peut impliquer des conseils sur les tendances et sur chois des couleurs et mat\u00e9riaux, etc.<\/p>\n<p>[\/vc_column_text][\/vc_column][vc_column width=&#8221;1\/3&#8243;][vc_single_image image=&#8221;238&#8243; img_size=&#8221;355&#215;240&#8243; css=&#8221;.vc_custom_1685107789736{margin-bottom: 0px !important;}&#8221;][vc_empty_space][vc_column_text css=&#8221;.vc_custom_1685391541109{margin-bottom: 0px !important;}&#8221;]<\/p>\n<h3>Fabrication en s\u00e9rie<\/h3>\n<p align=\"justify\">En plus de la fabrication sur mesure, Notre usine peut \u00e9galement proposer des meubles et des portes int\u00e9rieures en s\u00e9rie. Cela permet de produire des articles standardis\u00e9s qui peuvent \u00eatre achet\u00e9s directement ou distribu\u00e9s \u00e0 des revendeurs.<\/p>\n<p>[\/vc_column_text][\/vc_column][\/vc_row][vc_row content_placement=&#8221;top&#8221; css=&#8221;.vc_custom_1685113392221{padding-top: 90px !important;padding-bottom: 60px !important;}&#8221;][vc_column width=&#8221;1\/3&#8243;][vc_single_image image=&#8221;298&#8243; img_size=&#8221;355&#215;240&#8243; css=&#8221;.vc_custom_1685107722169{margin-bottom: 0px !important;}&#8221;][vc_empty_space][vc_column_text]<\/p>\n<h3>Installation et montage<\/h3>\n<p align=\"justify\">Comfort Meuble offre des services d&#8217;installation professionnelle pour les meubles et les portes int\u00e9rieures fabriqu\u00e9s par son usine. Cela se traduit par l&#8217;envoi d&#8217;une \u00e9quipe d&#8217;installateurs qualifi\u00e9s sur le site du client pour assurer un montage correct et s\u00e9curis\u00e9.<\/p>\n<p>[\/vc_column_text][\/vc_column][vc_column width=&#8221;1\/3&#8243;][vc_single_image image=&#8221;306&#8243; img_size=&#8221;355&#215;240&#8243; css=&#8221;.vc_custom_1685112918348{margin-bottom: 0px !important;}&#8221;][vc_empty_space][vc_column_text]<\/p>\n<h3>Service apr\u00e8s-vente<\/h3>\n<p align=\"justify\">Nous Fournissons un service apr\u00e8s-vente de qualit\u00e9 pour r\u00e9pondre aux questions, aux probl\u00e8mes ou aux demandes des clients apr\u00e8s l&#8217;achat. Cela peut inclure des services de r\u00e9paration, de remplacement ou d&#8217;entretien des meubles et des portes int\u00e9rieures.<\/p>\n<p>[\/vc_column_text][\/vc_column][vc_column width=&#8221;1\/3&#8243;][vc_single_image image=&#8221;305&#8243; img_size=&#8221;355&#215;240&#8243; css=&#8221;.vc_custom_1685112716846{margin-bottom: 0px !important;}&#8221;][vc_empty_space][vc_column_text css=&#8221;.vc_custom_1685108887546{margin-bottom: 0px !important;}&#8221;]<\/p>\n<h3>Am\u00e9nagement int\u00e9rieur<\/h3>\n<p align=\"justify\">Nous Proposons des conseils et des suggestions d&#8217;am\u00e9nagement int\u00e9rieur pour aider les professionnels \u00e0 agencer et optimiser leurs espace avec la d\u00e9coration et l&#8217;ameublement. Cela peut inclure des recommandations sur la disposition, le style, l&#8217;harmonisation des couleurs, etc.<\/p>\n<p>[\/vc_column_text][\/vc_column][\/vc_row][vc_row css=&#8221;.vc_custom_1556006288868{padding-top: 90px !important;padding-bottom: 60px !important;}&#8221;][vc_column width=&#8221;1\/3&#8243;][vc_single_image image=&#8221;304&#8243; img_size=&#8221;355&#215;240&#8243; css=&#8221;.vc_custom_1685112503169{margin-bottom: 0px !important;}&#8221;][vc_empty_space][vc_column_text]<\/p>\n<h3>Collaboration\u00a0 professionnelle<\/h3>\n<p align=\"justify\">Nous \u00e9tablissons des partenariats avec des architectes d&#8217;int\u00e9rieur, des designers ou des professionnels du secteur immobilier pour fournir des solutions int\u00e9gr\u00e9es aux clients. Cela peut inclure des projets de design d&#8217;int\u00e9rieur complet ou des collaborations sur des projets sp\u00e9cifiques.<\/p>\n<p>[\/vc_column_text][\/vc_column][vc_column width=&#8221;1\/3&#8243;][vc_single_image image=&#8221;303&#8243; img_size=&#8221;355&#215;240&#8243; css=&#8221;.vc_custom_1685112180720{margin-bottom: 0px !important;}&#8221;][vc_empty_space][vc_column_text]<\/p>\n<h3>Livraison et logistique<\/h3>\n<p align=\"justify\">Comfort Meuble propose des services de livraison fiables et efficaces pour acheminer les meubles et les portes int\u00e9rieures vers les clients. Nous assurons une gestion logistique bien organis\u00e9e pour garantir des d\u00e9lais de livraison respect\u00e9s.<\/p>\n<p>[\/vc_column_text][\/vc_column][vc_column width=&#8221;1\/3&#8243;][vc_single_image image=&#8221;217&#8243; img_size=&#8221;355&#215;240&#8243; css=&#8221;.vc_custom_1685111071285{margin-bottom: 0px !important;}&#8221;][vc_empty_space][vc_column_text css=&#8221;.vc_custom_1685109358077{margin-bottom: 0px !important;}&#8221;]<\/p>\n<h3>Showroom et exposition<\/h3>\n<p align=\"justify\">Nous avons cr\u00e9e un espace showroom o\u00f9 les clients peuvent voir physiquement les produits fabriqu\u00e9s par notre usine. Cela leur permettra de visualiser et de toucher les meubles, les cuisines et les portes int\u00e9rieures, et facilitera la prise de d\u00e9cision d&#8217;achat.<\/p>\n<p>[\/vc_column_text][\/vc_column][\/vc_row][vc_row el_class=&#8221;call-to-action bg-color text-light&#8221; css=&#8221;.vc_custom_1557733260198{padding-top: 30px !important;padding-bottom: 40px !important;}&#8221;][vc_column width=&#8221;2\/3&#8243;]\n\t<!-- Element: OT Heading --> \t \n\t<h3 class=\"ot_custom_heading mt20 \" style=\"\" >Demandez une consultation et un devis gratuit !<\/h3>\t\n[\/vc_column][vc_column width=&#8221;1\/3&#8243; el_class=&#8221;text-right&#8221;]\t\t\t\n\t<!-- Element: OT Button 2 --> \n\t<a href=\"http:\/\/zcneapr.cluster031.hosting.ovh.net\/index.php\/contact\/\" title=\"Demander\" target=\" _blank\" class=\"btn btn-line btn-big mt10\">Demander<\/a>\t\n[\/vc_column][\/vc_row]<\/p>\n","protected":false},"excerpt":{"rendered":"<p>[vc_row css=&#8221;.vc_custom_1556006288868{padding-top: 90px !important;padding-bottom: 60px !important;}&#8221;][vc_column width=&#8221;1\/3&#8243;][vc_single_image image=&#8221;298&#8243; img_size=&#8221;355&#215;240&#8243; css=&#8221;.vc_custom_1685107722169{margin-bottom: 0px !important;}&#8221;][vc_empty_space][vc_column_text] Fabrication sur mesure Nous proposons des services de fabrication de meubles et de portes int\u00e9rieures sur mesure, adapt\u00e9s aux besoins et aux sp\u00e9cifications des clients. Cela peut inclure des dimensions personnalis\u00e9es, des finitions sp\u00e9ciales, des options de mat\u00e9riaux, etc. [\/vc_column_text][\/vc_column][vc_column width=&#8221;1\/3&#8243;][vc_single_image image=&#8221;301&#8243; img_size=&#8221;355&#215;240&#8243; [&hellip;]<\/p>\n","protected":false},"author":1,"featured_media":0,"parent":0,"menu_order":0,"comment_status":"closed","ping_status":"closed","template":"page-templates\/template-fullwidth.php","meta":{"footnotes":""},"_links":{"self":[{"href":"http:\/\/comfortmeuble.com\/index.php\/wp-json\/wp\/v2\/pages\/142"}],"collection":[{"href":"http:\/\/comfortmeuble.com\/index.php\/wp-json\/wp\/v2\/pages"}],"about":[{"href":"http:\/\/comfortmeuble.com\/index.php\/wp-json\/wp\/v2\/types\/page"}],"author":[{"embeddable":true,"href":"http:\/\/comfortmeuble.com\/index.php\/wp-json\/wp\/v2\/users\/1"}],"replies":[{"embeddable":true,"href":"http:\/\/comfortmeuble.com\/index.php\/wp-json\/wp\/v2\/comments?post=142"}],"version-history":[{"count":10,"href":"http:\/\/comfortmeuble.com\/index.php\/wp-json\/wp\/v2\/pages\/142\/revisions"}],"predecessor-version":[{"id":451,"href":"http:\/\/comfortmeuble.com\/index.php\/wp-json\/wp\/v2\/pages\/142\/revisions\/451"}],"wp:attachment":[{"href":"http:\/\/comfortmeuble.com\/index.php\/wp-json\/wp\/v2\/media?parent=142"}],"curies":[{"name":"wp","href":"https:\/\/api.w.org\/{rel}","templated":true}]}}